{"id":31,"date":"2020-04-28T12:05:18","date_gmt":"2020-04-28T12:05:18","guid":{"rendered":"https:\/\/varius.atenor.de\/?page_id=31"},"modified":"2020-06-01T22:18:33","modified_gmt":"2020-06-01T22:18:33","slug":"startseite","status":"publish","type":"page","link":"https:\/\/variuscoloribus.org\/","title":{"rendered":"Varius Coloribus Experience"},"content":{"rendered":"\n<p><br>Willkommen&nbsp;bei Varius Coloribus Experience<\/p>\n\n\n\n<p>Eine Neue Zeit hat begonnen, und auch wenn wir zur Zeit nicht auftreten d\u00fcrfen, so nutzen wir die Zeit, um mit neuen Musikern ein neues Programm aufzustellen und hoffen auf baldige Ausf\u00fchrung&#8230;<\/p>\n\n\n\n<p>In der Zwischenzeit k\u00f6nnt Ihr hier st\u00f6bern und auch unsere <a href=\"https:\/\/www.facebook.com\/variuscoloribus\/\" target=\"_blank\" rel=\"noreferrer noopener nofollow\">Facebook-Seite<\/a> besuchen&#8230;<\/p>\n\n\n\n<p><strong>\u00a0Hier eine kleine Auswahl an Musik- und live-Videos:<\/strong><\/p>\n\n\n\n<figure class=\"wp-block-video aligncenter\"><video height=\"224\" style=\"aspect-ratio: 400 \/ 224;\" width=\"400\" controls src=\"https:\/\/variuscoloribus.org\/wp-content\/uploads\/2020\/06\/bo-corona.mp4\"><\/video><figcaption>21\/5\/2020 im B.O. Asendorf. Kamera: Dominik Whrel<\/figcaption><\/figure>\n\n\n\n<figure class=\"wp-block-video aligncenter\"><video height=\"224\" style=\"aspect-ratio: 400 \/ 224;\" width=\"400\" controls preload=\"auto\" src=\"https:\/\/variuscoloribus.org\/wp-content\/uploads\/2020\/05\/von-sunny.mp4\" playsinline><\/video><figcaption>7\/3\/2020 bei der Mystica Hamelon, Hameln. Kamera: Sunny Julien B\u00fcgler<\/figcaption><\/figure>\n\n\n\n<figure class=\"wp-block-embed-youtube wp-block-embed is-type-video is-provider-youtube wp-embed-aspect-16-9 wp-has-aspect-ratio\"><div class=\"wp-block-embed__wrapper\">\n<iframe loading=\"lazy\" title=\"&quot;Harneu&quot; Varius Coloribus Experience\" width=\"525\" height=\"295\" src=\"https:\/\/www.youtube.com\/embed\/qXlSHex1tyI?feature=oembed\" frameborder=\"0\" allow=\"accelerometer; autoplay; clipboard-write; encrypted-media; gyroscope; picture-in-picture; web-share\" referrerpolicy=\"strict-origin-when-cross-origin\" allowfullscreen><\/iframe>\n<\/div><figcaption>HARNEU &#8211; Varius Coloribus Experience<\/figcaption><\/figure>\n\n\n\n<figure class=\"wp-block-embed-youtube wp-block-embed is-type-video is-provider-youtube wp-embed-aspect-16-9 wp-has-aspect-ratio\"><div class=\"wp-block-embed__wrapper\">\n<iframe loading=\"lazy\" title=\"&quot;Triell&quot; Varius Coloribus Experience\" width=\"525\" height=\"295\" src=\"https:\/\/www.youtube.com\/embed\/zOtgsJ5R0qg?feature=oembed\" frameborder=\"0\" allow=\"accelerometer; autoplay; clipboard-write; encrypted-media; gyroscope; picture-in-picture; web-share\" referrerpolicy=\"strict-origin-when-cross-origin\" allowfullscreen><\/iframe>\n<\/div><figcaption>TRIELL &#8211; Varius Coloribus Experience<\/figcaption><\/figure>\n\n\n\n<figure class=\"wp-block-embed-youtube wp-block-embed is-type-video is-provider-youtube wp-embed-aspect-4-3 wp-has-aspect-ratio\"><div class=\"wp-block-embed__wrapper\">\n<iframe loading=\"lazy\" title=\"Varius Coloribus live in Rock Caf\u00e9 (1) - Finne\" width=\"525\" height=\"394\" src=\"https:\/\/www.youtube.com\/embed\/cGNu_2gv8yk?feature=oembed\" frameborder=\"0\" allow=\"accelerometer; autoplay; clipboard-write; encrypted-media; gyroscope; picture-in-picture; web-share\" referrerpolicy=\"strict-origin-when-cross-origin\" allowfullscreen><\/iframe>\n<\/div><figcaption>FINNE &#8211; Varius Coloribus Experience<\/figcaption><\/figure>\n","protected":false},"excerpt":{"rendered":"<p>Willkommen&nbsp;bei Varius Coloribus Experience Eine Neue Zeit hat begonnen, und auch wenn wir zur Zeit nicht auftreten d\u00fcrfen, so nutzen wir die Zeit, um mit neuen Musikern ein neues Programm aufzustellen und hoffen auf baldige Ausf\u00fchrung&#8230; In der Zwischenzeit k\u00f6nnt Ihr hier st\u00f6bern und auch unsere Facebook-Seite besuchen&#8230; \u00a0Hier eine kleine Auswahl an Musik- und &hellip; <\/p>\n<p class=\"link-more\"><a href=\"https:\/\/variuscoloribus.org\/\" class=\"more-link\"><span class=\"screen-reader-text\">\u201eVarius Coloribus Experience\u201c <\/span>weiterlesen<\/a><\/p>\n","protected":false},"author":4,"featured_media":0,"parent":0,"menu_order":0,"comment_status":"closed","ping_status":"closed","template":"","meta":{"footnotes":""},"class_list":["post-31","page","type-page","status-publish","hentry"],"_links":{"self":[{"href":"https:\/\/variuscoloribus.org\/wp-json\/wp\/v2\/pages\/31","targetHints":{"allow":["GET"]}}],"collection":[{"href":"https:\/\/variuscoloribus.org\/wp-json\/wp\/v2\/pages"}],"about":[{"href":"https:\/\/variuscoloribus.org\/wp-json\/wp\/v2\/types\/page"}],"author":[{"embeddable":true,"href":"https:\/\/variuscoloribus.org\/wp-json\/wp\/v2\/users\/4"}],"replies":[{"embeddable":true,"href":"https:\/\/variuscoloribus.org\/wp-json\/wp\/v2\/comments?post=31"}],"version-history":[{"count":0,"href":"https:\/\/variuscoloribus.org\/wp-json\/wp\/v2\/pages\/31\/revisions"}],"wp:attachment":[{"href":"https:\/\/variuscoloribus.org\/wp-json\/wp\/v2\/media?parent=31"}],"curies":[{"name":"wp","href":"https:\/\/api.w.org\/{rel}","templated":true}]}}